{"id":72,"date":"2025-04-13T18:36:06","date_gmt":"2025-04-13T22:36:06","guid":{"rendered":"http:\/\/mimac.fr\/?page_id=72"},"modified":"2025-04-13T18:36:07","modified_gmt":"2025-04-13T22:36:07","slug":"mentions-legales","status":"publish","type":"page","link":"https:\/\/mimac.fr\/index.php\/mentions-legales\/","title":{"rendered":"Mentions L\u00e9gales"},"content":{"rendered":"\n<blockquote class=\"wp-block-quote is-layout-flow wp-block-quote-is-layout-flow\">\n<p>Conform\u00e9ment aux dispositions des articles 6-III et 19 de la Loi n\u00b02004-575 du 21 juin 2004 pour la confiance dans l\u2019\u00e9conomie num\u00e9rique, il est port\u00e9 \u00e0 la connaissance des utilisateurs du site mimac les informations suivantes :<\/p>\n<\/blockquote>\n\n\n\n<blockquote class=\"wp-block-quote is-layout-flow wp-block-quote-is-layout-flow\">\n<p><\/p>\n<\/blockquote>\n\n\n\n<blockquote class=\"wp-block-quote is-layout-flow wp-block-quote-is-layout-flow\">\n<p>\u00c9diteur du site<\/p>\n<\/blockquote>\n\n\n\n<p class=\"p3\">D\u00e9nomination sociale : MIM AUDIT &amp; CONSULTING SARL <\/p>\n\n\n\n<p class=\"p3\">Nom commercial : MIMAC SARL<\/p>\n\n\n\n<p class=\"p3\">Forme juridique : SARL <\/p>\n\n\n\n<p class=\"p3\">Capital social : 2 000\u20ac<\/p>\n\n\n\n<p class=\"p3\">SIRET : 91497731900021 <\/p>\n\n\n\n<p class=\"p3\">RCS : 914 977 319 R.C.S. Fort-de-france<\/p>\n\n\n\n<p class=\"p3\">Adresse du si\u00e8ge social : CHEZ CECGT CENTRE D&rsquo;AFFAIRES AGORAT BA, ROUTE DE LA POINTE DES GRIVES, 97200 FORT-DE-FRANCE<\/p>\n\n\n\n<p class=\"p3\">Email : contact@mimac.fr <\/p>\n\n\n\n<blockquote class=\"wp-block-quote is-layout-flow wp-block-quote-is-layout-flow\">\n<p><\/p>\n<\/blockquote>\n\n\n\n<blockquote class=\"wp-block-quote is-layout-flow wp-block-quote-is-layout-flow\">\n<p>H\u00e9bergeur<\/p>\n<\/blockquote>\n\n\n\n<blockquote class=\"wp-block-quote is-layout-flow wp-block-quote-is-layout-flow\">\n<p>OVH \u2013 2 rue Kellermann \u2013 59100 Roubaix \u2013 France<\/p>\n<\/blockquote>\n\n\n\n<blockquote class=\"wp-block-quote is-layout-flow wp-block-quote-is-layout-flow\">\n<p>Site web : <a href=\"https:\/\/www.ovhcloud.com\">https:\/\/www.ovhcloud.com<\/a><\/p>\n<\/blockquote>\n\n\n\n<blockquote class=\"wp-block-quote is-layout-flow wp-block-quote-is-layout-flow\">\n<p><\/p>\n<\/blockquote>\n\n\n\n<blockquote class=\"wp-block-quote is-layout-flow wp-block-quote-is-layout-flow\">\n<p>Propri\u00e9t\u00e9 intellectuelle<\/p>\n<\/blockquote>\n\n\n\n<blockquote class=\"wp-block-quote is-layout-flow wp-block-quote-is-layout-flow\">\n<p>Le contenu de ce site (textes, images, logo, etc.) est prot\u00e9g\u00e9 par le droit d\u2019auteur. Toute reproduction est interdite sans autorisation pr\u00e9alable.<\/p>\n<\/blockquote>\n\n\n\n<blockquote class=\"wp-block-quote is-layout-flow wp-block-quote-is-layout-flow\">\n<p><\/p>\n<\/blockquote>\n\n\n\n<blockquote class=\"wp-block-quote is-layout-flow wp-block-quote-is-layout-flow\">\n<p>Responsabilit\u00e9<\/p>\n<\/blockquote>\n\n\n\n<blockquote class=\"wp-block-quote is-layout-flow wp-block-quote-is-layout-flow\">\n<p>L\u2019\u00e9diteur du site ne saurait \u00eatre tenu responsable d\u2019\u00e9ventuels dommages li\u00e9s \u00e0 la consultation ou \u00e0 l\u2019utilisation de ce site.<\/p>\n<\/blockquote>\n","protected":false},"excerpt":{"rendered":"<p>Conform\u00e9ment aux dispositions des articles 6-III et 19 de la Loi n\u00b02004-575 du 21 juin 2004 pour la confiance dans l\u2019\u00e9conomie num\u00e9rique, il est port\u00e9 \u00e0 la connaissance des utilisateurs du site mimac les informations suivantes : \u00c9diteur du site D\u00e9nomination sociale : MIM AUDIT &amp; CONSULTING SARL Nom commercial : MIMAC SARL Forme juridique [&hellip;]<\/p>\n","protected":false},"author":1,"featured_media":0,"parent":0,"menu_order":0,"comment_status":"closed","ping_status":"closed","template":"","meta":{"om_disable_all_campaigns":false,"_monsterinsights_skip_tracking":false,"_monsterinsights_sitenote_active":false,"_monsterinsights_sitenote_note":"","_monsterinsights_sitenote_category":0,"footnotes":""},"class_list":["post-72","page","type-page","status-publish","hentry"],"aioseo_notices":[],"yoast_head":"<!-- This site is optimized with the Yoast SEO plugin v25.1 - https:\/\/yoast.com\/wordpress\/plugins\/seo\/ -->\n<title>Mentions L\u00e9gales - MIM AUDIT &amp; CONSULTING SARL<\/title>\n<meta name=\"robots\" content=\"index, follow, max-snippet:-1, max-image-preview:large, max-video-preview:-1\" \/>\n<link rel=\"canonical\" href=\"https:\/\/mimac.fr\/index.php\/mentions-legales\/\" \/>\n<meta property=\"og:locale\" content=\"fr_FR\" \/>\n<meta property=\"og:type\" content=\"article\" \/>\n<meta property=\"og:title\" content=\"Mentions L\u00e9gales - MIM AUDIT &amp; CONSULTING SARL\" \/>\n<meta property=\"og:description\" content=\"Conform\u00e9ment aux dispositions des articles 6-III et 19 de la Loi n\u00b02004-575 du 21 juin 2004 pour la confiance dans l\u2019\u00e9conomie num\u00e9rique, il est port\u00e9 \u00e0 la connaissance des utilisateurs du site mimac les informations suivantes : \u00c9diteur du site D\u00e9nomination sociale : MIM AUDIT &amp; CONSULTING SARL Nom commercial : MIMAC SARL Forme juridique [&hellip;]\" \/>\n<meta property=\"og:url\" content=\"https:\/\/mimac.fr\/index.php\/mentions-legales\/\" \/>\n<meta property=\"og:site_name\" content=\"MIM AUDIT &amp; CONSULTING SARL\" \/>\n<meta property=\"article:modified_time\" content=\"2025-04-13T22:36:07+00:00\" \/>\n<meta name=\"twitter:card\" content=\"summary_large_image\" \/>\n<meta name=\"twitter:label1\" content=\"Dur\u00e9e de lecture estim\u00e9e\" \/>\n\t<meta name=\"twitter:data1\" content=\"1 minute\" \/>\n<script type=\"application\/ld+json\" class=\"yoast-schema-graph\">{\"@context\":\"https:\/\/schema.org\",\"@graph\":[{\"@type\":\"WebPage\",\"@id\":\"https:\/\/mimac.fr\/index.php\/mentions-legales\/\",\"url\":\"https:\/\/mimac.fr\/index.php\/mentions-legales\/\",\"name\":\"Mentions L\u00e9gales - MIM AUDIT &amp; CONSULTING SARL\",\"isPartOf\":{\"@id\":\"https:\/\/mimac.fr\/#website\"},\"datePublished\":\"2025-04-13T22:36:06+00:00\",\"dateModified\":\"2025-04-13T22:36:07+00:00\",\"breadcrumb\":{\"@id\":\"https:\/\/mimac.fr\/index.php\/mentions-legales\/#breadcrumb\"},\"inLanguage\":\"fr-FR\",\"potentialAction\":[{\"@type\":\"ReadAction\",\"target\":[\"https:\/\/mimac.fr\/index.php\/mentions-legales\/\"]}]},{\"@type\":\"BreadcrumbList\",\"@id\":\"https:\/\/mimac.fr\/index.php\/mentions-legales\/#breadcrumb\",\"itemListElement\":[{\"@type\":\"ListItem\",\"position\":1,\"name\":\"Accueil\",\"item\":\"https:\/\/mimac.fr\/\"},{\"@type\":\"ListItem\",\"position\":2,\"name\":\"Mentions L\u00e9gales\"}]},{\"@type\":\"WebSite\",\"@id\":\"https:\/\/mimac.fr\/#website\",\"url\":\"https:\/\/mimac.fr\/\",\"name\":\"MIM AUDIT & CONSULTING SARL\",\"description\":\"Direction Financi\u00e8re \u00e0 temps partag\u00e9\",\"publisher\":{\"@id\":\"https:\/\/mimac.fr\/#organization\"},\"potentialAction\":[{\"@type\":\"SearchAction\",\"target\":{\"@type\":\"EntryPoint\",\"urlTemplate\":\"https:\/\/mimac.fr\/?s={search_term_string}\"},\"query-input\":{\"@type\":\"PropertyValueSpecification\",\"valueRequired\":true,\"valueName\":\"search_term_string\"}}],\"inLanguage\":\"fr-FR\"},{\"@type\":\"Organization\",\"@id\":\"https:\/\/mimac.fr\/#organization\",\"name\":\"MIM AUDIT & CONSULTING SARL\",\"url\":\"https:\/\/mimac.fr\/\",\"logo\":{\"@type\":\"ImageObject\",\"inLanguage\":\"fr-FR\",\"@id\":\"https:\/\/mimac.fr\/#\/schema\/logo\/image\/\",\"url\":\"https:\/\/mimac.fr\/wp-content\/uploads\/2025\/04\/Mimac.png\",\"contentUrl\":\"https:\/\/mimac.fr\/wp-content\/uploads\/2025\/04\/Mimac.png\",\"width\":2000,\"height\":2000,\"caption\":\"MIM AUDIT & CONSULTING SARL\"},\"image\":{\"@id\":\"https:\/\/mimac.fr\/#\/schema\/logo\/image\/\"},\"sameAs\":[\"https:\/\/www.linkedin.com\/company\/mimacsarl\/\"]}]}<\/script>\n<!-- \/ Yoast SEO plugin. -->","yoast_head_json":{"title":"Mentions L\u00e9gales - MIM AUDIT &amp; CONSULTING SARL","robots":{"index":"index","follow":"follow","max-snippet":"max-snippet:-1","max-image-preview":"max-image-preview:large","max-video-preview":"max-video-preview:-1"},"canonical":"https:\/\/mimac.fr\/index.php\/mentions-legales\/","og_locale":"fr_FR","og_type":"article","og_title":"Mentions L\u00e9gales - MIM AUDIT &amp; CONSULTING SARL","og_description":"Conform\u00e9ment aux dispositions des articles 6-III et 19 de la Loi n\u00b02004-575 du 21 juin 2004 pour la confiance dans l\u2019\u00e9conomie num\u00e9rique, il est port\u00e9 \u00e0 la connaissance des utilisateurs du site mimac les informations suivantes : \u00c9diteur du site D\u00e9nomination sociale : MIM AUDIT &amp; CONSULTING SARL Nom commercial : MIMAC SARL Forme juridique [&hellip;]","og_url":"https:\/\/mimac.fr\/index.php\/mentions-legales\/","og_site_name":"MIM AUDIT &amp; CONSULTING SARL","article_modified_time":"2025-04-13T22:36:07+00:00","twitter_card":"summary_large_image","twitter_misc":{"Dur\u00e9e de lecture estim\u00e9e":"1 minute"},"schema":{"@context":"https:\/\/schema.org","@graph":[{"@type":"WebPage","@id":"https:\/\/mimac.fr\/index.php\/mentions-legales\/","url":"https:\/\/mimac.fr\/index.php\/mentions-legales\/","name":"Mentions L\u00e9gales - MIM AUDIT &amp; CONSULTING SARL","isPartOf":{"@id":"https:\/\/mimac.fr\/#website"},"datePublished":"2025-04-13T22:36:06+00:00","dateModified":"2025-04-13T22:36:07+00:00","breadcrumb":{"@id":"https:\/\/mimac.fr\/index.php\/mentions-legales\/#breadcrumb"},"inLanguage":"fr-FR","potentialAction":[{"@type":"ReadAction","target":["https:\/\/mimac.fr\/index.php\/mentions-legales\/"]}]},{"@type":"BreadcrumbList","@id":"https:\/\/mimac.fr\/index.php\/mentions-legales\/#breadcrumb","itemListElement":[{"@type":"ListItem","position":1,"name":"Accueil","item":"https:\/\/mimac.fr\/"},{"@type":"ListItem","position":2,"name":"Mentions L\u00e9gales"}]},{"@type":"WebSite","@id":"https:\/\/mimac.fr\/#website","url":"https:\/\/mimac.fr\/","name":"MIM AUDIT & CONSULTING SARL","description":"Direction Financi\u00e8re \u00e0 temps partag\u00e9","publisher":{"@id":"https:\/\/mimac.fr\/#organization"},"potentialAction":[{"@type":"SearchAction","target":{"@type":"EntryPoint","urlTemplate":"https:\/\/mimac.fr\/?s={search_term_string}"},"query-input":{"@type":"PropertyValueSpecification","valueRequired":true,"valueName":"search_term_string"}}],"inLanguage":"fr-FR"},{"@type":"Organization","@id":"https:\/\/mimac.fr\/#organization","name":"MIM AUDIT & CONSULTING SARL","url":"https:\/\/mimac.fr\/","logo":{"@type":"ImageObject","inLanguage":"fr-FR","@id":"https:\/\/mimac.fr\/#\/schema\/logo\/image\/","url":"https:\/\/mimac.fr\/wp-content\/uploads\/2025\/04\/Mimac.png","contentUrl":"https:\/\/mimac.fr\/wp-content\/uploads\/2025\/04\/Mimac.png","width":2000,"height":2000,"caption":"MIM AUDIT & CONSULTING SARL"},"image":{"@id":"https:\/\/mimac.fr\/#\/schema\/logo\/image\/"},"sameAs":["https:\/\/www.linkedin.com\/company\/mimacsarl\/"]}]}},"_links":{"self":[{"href":"https:\/\/mimac.fr\/index.php\/wp-json\/wp\/v2\/pages\/72","targetHints":{"allow":["GET"]}}],"collection":[{"href":"https:\/\/mimac.fr\/index.php\/wp-json\/wp\/v2\/pages"}],"about":[{"href":"https:\/\/mimac.fr\/index.php\/wp-json\/wp\/v2\/types\/page"}],"author":[{"embeddable":true,"href":"https:\/\/mimac.fr\/index.php\/wp-json\/wp\/v2\/users\/1"}],"replies":[{"embeddable":true,"href":"https:\/\/mimac.fr\/index.php\/wp-json\/wp\/v2\/comments?post=72"}],"version-history":[{"count":1,"href":"https:\/\/mimac.fr\/index.php\/wp-json\/wp\/v2\/pages\/72\/revisions"}],"predecessor-version":[{"id":73,"href":"https:\/\/mimac.fr\/index.php\/wp-json\/wp\/v2\/pages\/72\/revisions\/73"}],"wp:attachment":[{"href":"https:\/\/mimac.fr\/index.php\/wp-json\/wp\/v2\/media?parent=72"}],"curies":[{"name":"wp","href":"https:\/\/api.w.org\/{rel}","templated":true}]}}