{"id":25,"date":"2025-04-13T16:33:20","date_gmt":"2025-04-13T20:33:20","guid":{"rendered":"https:\/\/mimac.fr\/?page_id=25"},"modified":"2025-04-14T13:45:40","modified_gmt":"2025-04-14T17:45:40","slug":"nous-contacter","status":"publish","type":"page","link":"https:\/\/mimac.fr\/index.php\/nous-contacter\/","title":{"rendered":"A propos"},"content":{"rendered":"\n<div style=\"height:var(--wp--preset--spacing--50)\" aria-hidden=\"true\" class=\"wp-block-spacer\"><\/div>\n\n\n\n<div class=\"wp-block-group alignwide has-global-padding is-layout-constrained wp-block-group-is-layout-constrained\">\n<h2 class=\"wp-block-heading\">Le dirigeant <\/h2>\n\n\n\n<h3 class=\"wp-block-heading alignwide has-xx-large-font-size\" style=\"line-height:1.2\">\u00ab\u00a0<em>Je suis Micka\u00ebl Moutamalle, dipl\u00f4m\u00e9 d&rsquo;expertise comptable et titulaire du certificat HEC en Direction Financi\u00e8re Externalis\u00e9. J&rsquo;accompagne les soci\u00e9t\u00e9s de tailles diverses au quotidien sur tout sujet qui pr\u00e9occupe la direction. <\/em><\/h3>\n\n\n\n<h3 class=\"wp-block-heading alignwide has-xx-large-font-size\" style=\"line-height:1.2\"><em>V\u00e9ritable business partner j&rsquo;utilise le management collaboratif pour une int\u00e9gration rapide et la business intelligence pour simplifier la prise de d\u00e9cision.<\/em>\u00ab\u00a0<\/h3>\n\n\n\n<p><\/p>\n\n\n\n<p><\/p>\n<\/div>\n\n\n\n<div class=\"wp-block-group alignfull has-global-padding is-layout-constrained wp-container-core-group-is-layout-0747478d wp-block-group-is-layout-constrained\" style=\"padding-top:var(--wp--preset--spacing--50);padding-right:var(--wp--preset--spacing--50);padding-bottom:var(--wp--preset--spacing--50);padding-left:var(--wp--preset--spacing--50)\">\n<div class=\"wp-block-columns alignwide is-layout-flex wp-container-core-columns-is-layout-ff4b9c61 wp-block-columns-is-layout-flex\" style=\"margin-top:0;margin-bottom:0\">\n<div class=\"wp-block-column is-layout-flow wp-container-core-column-is-layout-8a368f38 wp-block-column-is-layout-flow\">\n<h2 class=\"wp-block-heading\">L\u2019externalisation c\u2019est quoi ?<\/h2>\n\n\n\n<h3 class=\"wp-block-heading has-text-align-left alignwide has-xx-large-font-size\" style=\"line-height:1.2\">\u00ab\u00a0<em>La direction financi\u00e8re externalis\u00e9e est un service o\u00f9 des experts en finance prennent en charge tout ou une partie des fonctions de direction financi\u00e8re d&rsquo;une entreprise sans que cette derni\u00e8re ait \u00e0 employer un directeur financier \u00e0 temps plein en interne. C&rsquo;est une solution souvent adopt\u00e9e par les PME qui ne peuvent se permettre un poste de directeur financier \u00e0 plein temps mais qui ont besoin de comp\u00e9tences en finance strat\u00e9gique<\/em>.\u00a0\u00bb<\/h3>\n\n\n\n<div class=\"wp-block-query is-layout-flow wp-block-query-is-layout-flow\"><ul class=\"wp-block-post-template is-layout-flow wp-container-core-post-template-is-layout-dc68bcd2 wp-block-post-template-is-layout-flow\"><li class=\"wp-block-post post-1 post type-post status-publish format-standard hentry category-non-classe\">\n<div class=\"wp-block-post-date\"><time datetime=\"2025-04-13T14:49:43-04:00\">13 avril 2025<\/time><\/div>\n<\/li><\/ul><\/div>\n<\/div>\n<\/div>\n<\/div>\n","protected":false},"excerpt":{"rendered":"<p>Le dirigeant \u00ab\u00a0Je suis Micka\u00ebl Moutamalle, dipl\u00f4m\u00e9 d&rsquo;expertise comptable et titulaire du certificat HEC en Direction Financi\u00e8re Externalis\u00e9. J&rsquo;accompagne les soci\u00e9t\u00e9s de tailles diverses au quotidien sur tout sujet qui pr\u00e9occupe la direction. V\u00e9ritable business partner j&rsquo;utilise le management collaboratif pour une int\u00e9gration rapide et la business intelligence pour simplifier la prise de d\u00e9cision.\u00ab\u00a0 L\u2019externalisation [&hellip;]<\/p>\n","protected":false},"author":1,"featured_media":0,"parent":0,"menu_order":0,"comment_status":"closed","ping_status":"closed","template":"","meta":{"om_disable_all_campaigns":false,"_monsterinsights_skip_tracking":false,"_monsterinsights_sitenote_active":false,"_monsterinsights_sitenote_note":"","_monsterinsights_sitenote_category":0,"footnotes":""},"class_list":["post-25","page","type-page","status-publish","hentry"],"aioseo_notices":[],"yoast_head":"<!-- This site is optimized with the Yoast SEO plugin v25.1 - https:\/\/yoast.com\/wordpress\/plugins\/seo\/ -->\n<title>A propos - MIM AUDIT &amp; CONSULTING SARL<\/title>\n<meta name=\"robots\" content=\"index, follow, max-snippet:-1, max-image-preview:large, max-video-preview:-1\" \/>\n<link rel=\"canonical\" href=\"https:\/\/mimac.fr\/index.php\/nous-contacter\/\" \/>\n<meta property=\"og:locale\" content=\"fr_FR\" \/>\n<meta property=\"og:type\" content=\"article\" \/>\n<meta property=\"og:title\" content=\"A propos - MIM AUDIT &amp; CONSULTING SARL\" \/>\n<meta property=\"og:description\" content=\"Le dirigeant \u00ab\u00a0Je suis Micka\u00ebl Moutamalle, dipl\u00f4m\u00e9 d&rsquo;expertise comptable et titulaire du certificat HEC en Direction Financi\u00e8re Externalis\u00e9. J&rsquo;accompagne les soci\u00e9t\u00e9s de tailles diverses au quotidien sur tout sujet qui pr\u00e9occupe la direction. V\u00e9ritable business partner j&rsquo;utilise le management collaboratif pour une int\u00e9gration rapide et la business intelligence pour simplifier la prise de d\u00e9cision.\u00ab\u00a0 L\u2019externalisation [&hellip;]\" \/>\n<meta property=\"og:url\" content=\"https:\/\/mimac.fr\/index.php\/nous-contacter\/\" \/>\n<meta property=\"og:site_name\" content=\"MIM AUDIT &amp; CONSULTING SARL\" \/>\n<meta property=\"article:modified_time\" content=\"2025-04-14T17:45:40+00:00\" \/>\n<meta name=\"twitter:card\" content=\"summary_large_image\" \/>\n<meta name=\"twitter:label1\" content=\"Dur\u00e9e de lecture estim\u00e9e\" \/>\n\t<meta name=\"twitter:data1\" content=\"1 minute\" \/>\n<script type=\"application\/ld+json\" class=\"yoast-schema-graph\">{\"@context\":\"https:\/\/schema.org\",\"@graph\":[{\"@type\":\"WebPage\",\"@id\":\"https:\/\/mimac.fr\/index.php\/nous-contacter\/\",\"url\":\"https:\/\/mimac.fr\/index.php\/nous-contacter\/\",\"name\":\"A propos - MIM AUDIT &amp; CONSULTING SARL\",\"isPartOf\":{\"@id\":\"https:\/\/mimac.fr\/#website\"},\"datePublished\":\"2025-04-13T20:33:20+00:00\",\"dateModified\":\"2025-04-14T17:45:40+00:00\",\"breadcrumb\":{\"@id\":\"https:\/\/mimac.fr\/index.php\/nous-contacter\/#breadcrumb\"},\"inLanguage\":\"fr-FR\",\"potentialAction\":[{\"@type\":\"ReadAction\",\"target\":[\"https:\/\/mimac.fr\/index.php\/nous-contacter\/\"]}]},{\"@type\":\"BreadcrumbList\",\"@id\":\"https:\/\/mimac.fr\/index.php\/nous-contacter\/#breadcrumb\",\"itemListElement\":[{\"@type\":\"ListItem\",\"position\":1,\"name\":\"Accueil\",\"item\":\"https:\/\/mimac.fr\/\"},{\"@type\":\"ListItem\",\"position\":2,\"name\":\"A propos\"}]},{\"@type\":\"WebSite\",\"@id\":\"https:\/\/mimac.fr\/#website\",\"url\":\"https:\/\/mimac.fr\/\",\"name\":\"MIM AUDIT & CONSULTING SARL\",\"description\":\"Direction Financi\u00e8re \u00e0 temps partag\u00e9\",\"publisher\":{\"@id\":\"https:\/\/mimac.fr\/#organization\"},\"potentialAction\":[{\"@type\":\"SearchAction\",\"target\":{\"@type\":\"EntryPoint\",\"urlTemplate\":\"https:\/\/mimac.fr\/?s={search_term_string}\"},\"query-input\":{\"@type\":\"PropertyValueSpecification\",\"valueRequired\":true,\"valueName\":\"search_term_string\"}}],\"inLanguage\":\"fr-FR\"},{\"@type\":\"Organization\",\"@id\":\"https:\/\/mimac.fr\/#organization\",\"name\":\"MIM AUDIT & CONSULTING SARL\",\"url\":\"https:\/\/mimac.fr\/\",\"logo\":{\"@type\":\"ImageObject\",\"inLanguage\":\"fr-FR\",\"@id\":\"https:\/\/mimac.fr\/#\/schema\/logo\/image\/\",\"url\":\"https:\/\/mimac.fr\/wp-content\/uploads\/2025\/04\/Mimac.png\",\"contentUrl\":\"https:\/\/mimac.fr\/wp-content\/uploads\/2025\/04\/Mimac.png\",\"width\":2000,\"height\":2000,\"caption\":\"MIM AUDIT & CONSULTING SARL\"},\"image\":{\"@id\":\"https:\/\/mimac.fr\/#\/schema\/logo\/image\/\"},\"sameAs\":[\"https:\/\/www.linkedin.com\/company\/mimacsarl\/\"]}]}<\/script>\n<!-- \/ Yoast SEO plugin. -->","yoast_head_json":{"title":"A propos - MIM AUDIT &amp; CONSULTING SARL","robots":{"index":"index","follow":"follow","max-snippet":"max-snippet:-1","max-image-preview":"max-image-preview:large","max-video-preview":"max-video-preview:-1"},"canonical":"https:\/\/mimac.fr\/index.php\/nous-contacter\/","og_locale":"fr_FR","og_type":"article","og_title":"A propos - MIM AUDIT &amp; CONSULTING SARL","og_description":"Le dirigeant \u00ab\u00a0Je suis Micka\u00ebl Moutamalle, dipl\u00f4m\u00e9 d&rsquo;expertise comptable et titulaire du certificat HEC en Direction Financi\u00e8re Externalis\u00e9. J&rsquo;accompagne les soci\u00e9t\u00e9s de tailles diverses au quotidien sur tout sujet qui pr\u00e9occupe la direction. V\u00e9ritable business partner j&rsquo;utilise le management collaboratif pour une int\u00e9gration rapide et la business intelligence pour simplifier la prise de d\u00e9cision.\u00ab\u00a0 L\u2019externalisation [&hellip;]","og_url":"https:\/\/mimac.fr\/index.php\/nous-contacter\/","og_site_name":"MIM AUDIT &amp; CONSULTING SARL","article_modified_time":"2025-04-14T17:45:40+00:00","twitter_card":"summary_large_image","twitter_misc":{"Dur\u00e9e de lecture estim\u00e9e":"1 minute"},"schema":{"@context":"https:\/\/schema.org","@graph":[{"@type":"WebPage","@id":"https:\/\/mimac.fr\/index.php\/nous-contacter\/","url":"https:\/\/mimac.fr\/index.php\/nous-contacter\/","name":"A propos - MIM AUDIT &amp; CONSULTING SARL","isPartOf":{"@id":"https:\/\/mimac.fr\/#website"},"datePublished":"2025-04-13T20:33:20+00:00","dateModified":"2025-04-14T17:45:40+00:00","breadcrumb":{"@id":"https:\/\/mimac.fr\/index.php\/nous-contacter\/#breadcrumb"},"inLanguage":"fr-FR","potentialAction":[{"@type":"ReadAction","target":["https:\/\/mimac.fr\/index.php\/nous-contacter\/"]}]},{"@type":"BreadcrumbList","@id":"https:\/\/mimac.fr\/index.php\/nous-contacter\/#breadcrumb","itemListElement":[{"@type":"ListItem","position":1,"name":"Accueil","item":"https:\/\/mimac.fr\/"},{"@type":"ListItem","position":2,"name":"A propos"}]},{"@type":"WebSite","@id":"https:\/\/mimac.fr\/#website","url":"https:\/\/mimac.fr\/","name":"MIM AUDIT & CONSULTING SARL","description":"Direction Financi\u00e8re \u00e0 temps partag\u00e9","publisher":{"@id":"https:\/\/mimac.fr\/#organization"},"potentialAction":[{"@type":"SearchAction","target":{"@type":"EntryPoint","urlTemplate":"https:\/\/mimac.fr\/?s={search_term_string}"},"query-input":{"@type":"PropertyValueSpecification","valueRequired":true,"valueName":"search_term_string"}}],"inLanguage":"fr-FR"},{"@type":"Organization","@id":"https:\/\/mimac.fr\/#organization","name":"MIM AUDIT & CONSULTING SARL","url":"https:\/\/mimac.fr\/","logo":{"@type":"ImageObject","inLanguage":"fr-FR","@id":"https:\/\/mimac.fr\/#\/schema\/logo\/image\/","url":"https:\/\/mimac.fr\/wp-content\/uploads\/2025\/04\/Mimac.png","contentUrl":"https:\/\/mimac.fr\/wp-content\/uploads\/2025\/04\/Mimac.png","width":2000,"height":2000,"caption":"MIM AUDIT & CONSULTING SARL"},"image":{"@id":"https:\/\/mimac.fr\/#\/schema\/logo\/image\/"},"sameAs":["https:\/\/www.linkedin.com\/company\/mimacsarl\/"]}]}},"_links":{"self":[{"href":"https:\/\/mimac.fr\/index.php\/wp-json\/wp\/v2\/pages\/25","targetHints":{"allow":["GET"]}}],"collection":[{"href":"https:\/\/mimac.fr\/index.php\/wp-json\/wp\/v2\/pages"}],"about":[{"href":"https:\/\/mimac.fr\/index.php\/wp-json\/wp\/v2\/types\/page"}],"author":[{"embeddable":true,"href":"https:\/\/mimac.fr\/index.php\/wp-json\/wp\/v2\/users\/1"}],"replies":[{"embeddable":true,"href":"https:\/\/mimac.fr\/index.php\/wp-json\/wp\/v2\/comments?post=25"}],"version-history":[{"count":6,"href":"https:\/\/mimac.fr\/index.php\/wp-json\/wp\/v2\/pages\/25\/revisions"}],"predecessor-version":[{"id":101,"href":"https:\/\/mimac.fr\/index.php\/wp-json\/wp\/v2\/pages\/25\/revisions\/101"}],"wp:attachment":[{"href":"https:\/\/mimac.fr\/index.php\/wp-json\/wp\/v2\/media?parent=25"}],"curies":[{"name":"wp","href":"https:\/\/api.w.org\/{rel}","templated":true}]}}